39 (base 15) to base 13.
42
2427 (base 9) to base 3
2110221
1f92 (base 16) to base 9
12070
Convert 4271 (base 10) to base 11.
3233
Convert -62200 (base 7) to base 11.
-1045a
What is -84a (base 11) in base 2?
-1111111110
Convert 2926 (base 12) to base 13.
223b
212112 (base 4) to base 7
10104
201 (base 12) to base 10
289
What is -3420 (base 5) in base 6?
-2125
Convert 7842 (base 12) to base 13.
608c
Convert -143000 (base 6) to base 5.
-413413
-3010111 (base 4) to base 3
-122020101
What is -20765 (base 8) in base 10?
-8693
Convert -133113 (base 5) to base 13.
-2600
964 (base 10) to base 2
1111000100
Convert 1463 (base 10) to base 14.
767
Convert -1120001 (base 4) to base 7.
-22265
Convert 61333 (base 7) to base 15.
464a
What is 1a7a (base 12) in base 5?
101022
Convert 212002212 (base 3) to base 10.
16844
Convert 44 (base 12) to base 11.
48
What is 1102 (base 4) in base 11?
75
23505 (base 8) to base 12
5999
Convert 255 (base 11) to base 3.
102012
What is -13055 (base 6) in base 9?
-2638
What is 37e4 (base 15) in base 7?
46510
Convert -3714 (base 8) to base 7.
-5551
101041 (base 5) to base 4
303013
13 (base 4) to base 2
111
-3214 (base 7) to base 16
-472
-50461 (base 7) to base 11
-9221
-304b (base 12) to base 9
-7165
Convert 87 (base 12) to base 7.
205
What is 21012 (base 3) in base 11?
167
51b7 (base 14) to base 13
653b
Convert 222111 (base 5) to base 7.
31454
What is 24661 (base 7) in base 13?
2c6b
-16312 (base 8) to base 3
-101002222
Convert 733 (base 12) to base 4.
100113
What is 4e0 (base 15) in base 13?
675
Convert 38b3 (base 13) to base 6.
101241
Convert -222 (base 5) to base 9.
-68
Convert 2201 (base 4) to base 3.
12222
What is -2346 (base 9) in base 2?
-11011001111
-1030 (base 5) to base 7
-260
Convert 43a (base 11) to base 7.
1352
-3220200 (base 4) to base 9
-22363
Convert 22047 (base 8) to base 5.
244010
-1947 (base 13) to base 9
-5156
-1e9 (base 15) to base 2
-110111100
Convert -7c8 (base 15) to base 5.
-24023
Convert -216066 (base 7) to base 12.
-1a089
1001110001 (base 2) to base 12
441
-c9 (base 13) to base 10
-165
What is 37b (base 14) in base 2?
1010111001
What is -228 (base 14) in base 9?
-525
-3593 (base 14) to base 12
-54a5
What is -1b3 (base 16) in base 15?
-1e0
Convert -11101010001 (base 2) to base 15.
-84d
What is -13f6 (base 16) in base 7?
-20620
Convert 128 (base 14) to base 8.
350
38cc (base 14) to base 15
2e55
300 (base 14) to base 9
723
-4022 (base 7) to base 9
-1812
632 (base 13) to base 6
4515
Convert -105212 (base 7) to base 14.
-6b09
-14c3b (base 13) to base 14
-10523
Convert -201220111 (base 3) to base 5.
-431022
What is 4 (base 9) in base 16?
4
Convert -85 (base 9) to base 15.
-52
Convert -211020 (base 3) to base 5.
-4400
101101 (base 3) to base 16
118
5d08 (base 16) to base 9
35602
Convert -133424 (base 7) to base 3.
-1021122022
-230012 (base 5) to base 8
-17704
-1362 (base 7) to base 16
-216
What is 311 (base 6) in base 14?
83
5333 (base 7) to base 12
1112
Convert -3127 (base 10) to base 16.
-c37
Convert 14240 (base 7) to base 6.
30015
Convert -32a1 (base 12) to base 13.
-2713
1333313 (base 4) to base 5
230213
What is -5b4 (base 14) in base 4?
-101302
Convert 108 (base 12) to base 14.
ac
b9 (base 13) to base 11
129
Convert 2201032 (base 4) to base 8.
24116
What is -268 (base 12) in base 10?
-368
What is -1003001 (base 4) in base 13?
-1c4c
Convert 100210011 (base 3) to base 7.
26536
Convert 134 (base 9) to base 3.
11011
What is -30020111 (base 4) in base 3?
-2112011012
Convert c21 (base 15) to base 2.
101010101011
Convert 5631 (base 9) to base 11.
3141
-320032 (base 5) to base 3
-112121011
Convert -1012 (base 4) to base 12.
-5a
What is -32e0 (base 16) in base 10?
-13024
2dd (base 16) to base 14
3a5
What is 5c1b (base 14) in base 10?
16097
52455 (base 6) to base 9
10648
What is -1123 (base 4) in base 6?
-231
What is 978 (base 11) in base 14?
5dc
-10112210010 (base 3) to base 11
-48508
What is 1218 (base 10) in base 13?
729
What is 101100111 (base 3) in base 12?
444a
4635 (base 7) to base 12
b90
What is -4442 (base 14) in base 7?
-46312
Convert -33110 (base 4) to base 12.
-698
What is -3bbd (base 15) in base 9?
-18467
What is 13310 (base 5) in base 16?
438
What is -23b66 (base 12) in base 16?
-bcbe
24740 (base 8) to base 16
29e0
10011010000001111 (base 2) to base 9
130155
What is 544 (base 7) in base 4?
10111
7c (base 15) to base 3
11100
-1ab9 (base 12) to base 13
-1677
Convert -75017 (base 10) to base 16.
-12509
Convert 59c7 (base 15) to base 10.
19087
1616 (base 9) to base 4
103032
Convert -1b4b (base 12) to base 16.
-d2b
553 (base 10) to base 13
337
Convert 1b20 (base 15) to base 11.
4466
What is 315131 (base 6) in base 2?
110010010011111
-31303 (base 4) to base 2
-1101110011
Convert -4250 (base 13) to base 4.
-2033213
60878 (base 9) to base 8
116225
2558 (base 12) to base 10
4244
-42011 (base 5) to base 12
-1718
Convert -2020 (base 3) to base 6.
-140
What is de (base 16) in base 12?
166
d71 (base 14) to base 6
20131
31064 (base 10) to base 16
7958
2f5 (base 16) to base 15
357
What is -1010010101 (base 2) in base 12?
-471
Convert 12700 (base 12) to base 11.
17a2a
4220 (base 8) to base 14
b28
Convert 212200 (base 3) to base 11.
531
Convert -6ba (base 13) to base 14.
-5d5
1010101 (base 2) to base 5
320
Convert 8674 (base 12) to base 6.
152224
What is -14 (base 16) in base 10?
-20
6871 (base 12) to base 16
2d55
1011000100100100 (base 2) to base 13
17844
What is -75 (base 13) in base 3?
-10120
What is -6 (base 12) in base 13?
-6
What is -10110001100 (base 2) in base 9?
-1847
-197 (base 12) to base 8
-403
Convert -8455 (base 9) to base 16.
-183e
747 (base 14) to base 6
10351
What is 671 (base 8) in base 3?
121100
What is 21424 (base 8) in base 13?
411a
a60 (base 13) to base 4
123220
24a (base 12) to base 10
346
What is 14141 (base 7) in base 8?
7413
Convert 92 (base 12) to base 6.
302
What is 1610 (base 7) in base 2?
1010000100
2031011 (base 4) to base 16
2345
Convert 41151 (base 6) to base 3.
21111111
Convert 100323 (base 4) to base 11.
8a5
32553 (base 8) to base 7
54604
What is 12a5 (base 11) in base 10?
1688
Convert -4306 (base 7) to base 10.
-1525
What is 4244 (base 5) in base 2?
1000111110
Convert -1214340 (base 5) to base 16.
-5a37
-207e (base 16) to base 11
-6282
What is 384a7 (base 11) in base 12?
27b18
What is 1100100001 (base 2) in base 8?
1441
Convert 4a2 (base 16) to base 2.
10010100010
Convert 20698 (base 10) to base 3.
1001101121
-1003020 (base 4) to base 14
-17cc
Convert -16542 (base 7) to base 6.
-33530
-18c (base 14) to base 3
-102212
Convert 21202 (base 3) to base 6.
545
245334 (base 7) to base 16
b031
110020 (base 3) to base 4
11022
What is -47 (base 13) in base 12?
-4b
-741 (base 8) to base 12
-341
What is 2c06 (base 15) in base 2?
10010011110000
What is 32500 (base 6) in base 10?
4500
282 (base 14) to base 15
23b
Convert -111232 (base 8) to base 14.
-d96a
3512 (base 14) to base 4
2100030
Convert -10102 (base 6) to base 16.
-536
Convert -2012 (base 15) to base 2.
-1101001101111
Convert -7de (base 16) to base 8.
-3736
Convert -5388 (base 11) to base 9.
-10674
-1974 (base 11) to base 2
-100111000101
Convert 2ce (base 15) to base 6.
2552
What is 1460 (base 13) in base 9?
4038
Convert -1353 (base 10) to base 8.
-2511
What is -dbc1 (base 15) in base 9?
-70741
-222150 (base 8) to base 11
-51271
Convert 2769 (base 10) to base 2.
101011010001
Convert -511 (base 10) to base 15.
-241
Convert -1313301 (base 4) to base 13.
-3648
691 (base 16) to base 11
1299
What is -11108 (base 14) in base 7?
-231411
Convert 2313 (base 6) to base 16.
225
Convert 13348 (base 9) to base 7.
35225
What is -2722 (base 14) in base 10?
-6890
What is 33 (base 16) in base 2?
110011
What is 48c (base 16) in base 5?
14124
Convert -67b5 (base 16) to base 8.
-63665
33000 (base 4) to base 15
440
What is 31215 (base 7) in base 10?
7656
Convert -3ad (base 15) to base 10.
-838
What is -110210021 (base 3) in base 15?
-2b67
Convert 14531 (base 6) to base 9.
3211
Convert -1211110122 (base 3) to base 7.
-210065
Convert 22652 (base 7) to base 8.
13273
Convert 10201102 (base 3) to base 2.
101010010111
1bc (base 15) to base 3
112220
Convert -415 (base 14) to base 3.
-1002202
103202 (base 4) to base 12
882
-717 (base 8) to base 15
-20d
What is 8